be the third derivative of j**5/60 + 5*j**4/24 + j**3 - j**2. Let f be v(-4). Let l(q) = -2 - 4 + 2*q + 0*q + 6*q - q**f. Calculate l(6).
6
Let w(s) = 21*s + s**2 - 4*s - 10 - 20*s. What is w(7)?
18
Let s(x) = x**2 + 8*x + 2. Let c be (-80)/14 + 6/(-21). Determine s(c).
-10
Let o(h) = -h - 7. Let v be o(0). Let i = -9 - v. Let m be ((-3)/i)/(3/8). Let b(g) = -g**3 + 4*g**2 - g + 3. Calculate b(m).
-1
Let h be -2*1/(-3) - 2/3. Let o(i) = i**3 + i**2 + i + 1. What is o(h)?
1
Let r(z) = z**2 - z + 1. Let y(l) = -4*l**2 + 3*l - 5. Let n(i) = 5*r(i) + y(i). What is n(2)?
0
Suppose -9*i + 38 = 83. Let s(k) be the third derivative of 1/24*k**4 + k**2 + 0 + 0*k + 5/6*k**3. Determine s(i).
0
Let c(a) = -a - 3. Suppose -11*u + 7*u + 20 = 0. Suppose 0 = -2*i - y - 10, 4*i + 24 = y - u*y. Give c(i).
1
Suppose -17 + 23 = 2*k. Let v(i) = -i + 3. What is v(k)?
0
Let s(b) be the second derivative of b**3 + 3*b**2/2 - 7*b. Give s(-2).
-9
Let h(l) = -6 + 15*l - 9*l - l. Calculate h(4).
14
Let l(m) = m**3 + 10*m**2 + m + 8. Let f be 20*(1 - -3)/(-8). Let k be l(f). Let s(a) = -a**3 + a**2 - a. Give s(k).
14
Let t(z) = -z**2 - 8*z - 9. Let y = 6 - 6. Suppose -m + 2*b + 25 = -0*m, y = -3*m + b + 50. Let k be ((-20)/(-25))/((-2)/m). Calculate t(k).
3
Let t(b) be the first derivative of b**4/4 - 2*b**3 + 5*b**2/2 - b + 8. Give t(5).
-1
Suppose 1 = -3*k + 4*k. Suppose -k = -2*b + 3. Let r(d) = -b*d - 2 + d + 3. What is r(-5)?
6
Suppose -6 = -i - 2*i. Let h(n) = 8*n**2 - n - 7*n**i - 4*n + 0 + 2. What is h(2)?
-4
Let u(n) be the third derivative of -n**7/2520 - n**5/24 + n**4/8 - n**2. Let l(j) be the second derivative of u(j). Calculate l(0).
-5
Suppose 5*d = 2*c + 10, -4*c + 2*d - 2 = 2. Suppose 0 = 2*l + 4*t - c*t + 10, 0 = 4*l + t - 15. Let s(f) = 5*f**2 + f**3 + 5 - l*f - 4*f**2 + 4*f. Give s(0).
5
Let d(z) = -4*z**2 + 3*z - 2. Let y(u) = -3*u**2 + 4*u - 3. Let l(n) = 3*d(n) - 2*y(n). Give l(-1).
-7
Let l(s) = -s. Let p = 18 + -16. Give l(p).
-2
Let m(i) = -i. Let c(q) = -2*q**2 - 4*q. Let v(l) = -l**2 - 4*l + 4. Let n be v(-5). Let h(j) = n*c(j) + 3*m(j). Determine h(1).
3
Let k be ((-2)/(-4))/(2/(-8)). Let w(p) be the third derivative of 0 - 1/6*p**4 + 0*p - p**2 - 1/6*p**3. What is w(k)?
7
Let c(a) = 6*a**2 + 2*a + 11. Let s(m) = -5*m**2 - 2*m - 10. Let o(k) = 6*c(k) + 7*s(k). Give o(3).
-1
Let s(t) = t**3 + 4*t**2 + 5*t + 10. Let u be s(-3). Let v(i) = -3*i - 2. Give v(u).
-14
Let u(v) be the third derivative of v**5/10 - 7*v**2. Suppose -2 = -2*n - 0. Give u(n).
6
Let k(l) = -2*l - 3 + l**2 - 8*l + 7*l. Calculate k(-2).
7
Suppose 2 = -3*y - 4. Let o(c) be the third derivative of c**4/4 + 3*c**2 + 1. What is o(y)?
-12
Let k = 25 + -31. Let n(t) = -t**3 - 6*t**2 + 2*t. What is n(k)?
-12
Let a be 3/((45/(-12))/(-5)). Let z(w) = w**3 - 4*w + 2*w**2 + 2 + 3*w - a. Let l = 3 + -6. Give z(l).
-8
Let d(r) = r**2 - 2*r. Let b(f) = f**2 + 16*f + 15. Let h be b(-13). Let q = h - -27. Determine d(q).
3
Let s(j) = j**2 - 3*j + 5. Let y(r) = 2*r**2 - 5*r + 11. Let g(o) = -9*s(o) + 4*y(o). Suppose 0 = 3*v - 7*v + d + 11, 3*v - 5 = 4*d. Determine g(v).
11
Let d(a) be the third derivative of -a**6/120 + a**5/10 - 5*a**4/24 - 15*a**2. Calculate d(5).
0
Let o(r) = -r - 9. Let k(w) = 4*w**2 + w - 7. Let p be k(-3). Suppose 0 = -21*t + p*t. Give o(t).
-9
Suppose 0*i + 5*i - 25 = 0. Let z(r) = 2*r + 1. Determine z(i).
11
Let f = -3 + 4. Let n(g) = 16*g**2 - g. Let q(w) = 16*w**2 - w. Let s(a) = -5*n(a) + 4*q(a). Determine s(f).
-15
Suppose 3*x - 2 = q, 0*x - 5*q + 14 = -3*x. Let t(m) = m**x - 3*m - 2 + 2*m + 2*m. Calculate t(-3).
4
Let t(f) = -7*f - 11. Let q be t(-2). Let a(d) = -d**2 + 3*d - 3. Determine a(q).
-3
Let w(b) = 0*b**2 - 5*b**3 + 6*b**2 - 2 + 4*b**3 - b. Let h = 6 + -9. Let r(z) = 2*z**3 - 11*z**2 + 2*z + 3. Let m(g) = h*r(g) - 5*w(g). Calculate m(2).
3
Suppose -4*q = 4*b, -q - 6*b = -b - 12. Let h be (-2)/((-1 - 5)/q). Let k(u) = -9*u. What is k(h)?
9
Let n(a) = -a - 1. Let b(c) = -c**3 + 7*c**2 - c + 5. Let v be b(7). Give n(v).
1
Let z(x) = 0*x**2 + 0*x + x**2 + x + 1. Determine z(2).
7
Let z(b) = b - 6. Suppose 4*s + 0*m + 24 = -3*m, -s + m - 13 = 0. Let i = 12 + s. Suppose 2 = i*w - 13. Calculate z(w).
-1
Let n(d) = 3*d - 1. Let g(r) = -9*r + 4. Let a(p) = 4*g(p) + 11*n(p). Determine a(4).
-7
Suppose -43 = 3*q - 5*x, -4*x + 35 = -4*q - 9. Let f(a) = -a**3 - 7*a**2 - 5*a + 3. Calculate f(q).
-3
Let z(r) = r**2 + 3*r + 2. Let l(k) = k**2 + 12*k - 3. Let v be l(-11). Let o = -8 - v. Let i be (0 + 2)*(-9)/o. Calculate z(i).
2
Suppose 5*h + 19 = -1. Let x(l) = l**2 + 3*l. What is x(h)?
4
Let o(n) = 6*n - 9*n - 2 - n - 4. What is o(-4)?
10
Let f(n) = 3 + 5*n + 8*n - 3*n + n**2 - 3*n. Determine f(-6).
-3
Let x = -12 - -8. Let r = x + 8. Let m(z) be the second derivative of z**3/6 - 7*z**2/2 + z. Calculate m(r).
-3
Let x(u) be the second derivative of u**4/12 + 5*u**3/6 + 4*u. Give x(-5).
0
Let w(v) = -6*v**3 - v**2 - 5*v + 3. Let y(z) = -z**3 - z**2. Let j(m) = w(m) - 5*y(m). Determine j(3).
-3
Suppose 0 = -4*q - 6 + 2. Suppose -5 = -3*t - 2*g + 6, t = g - 3. Let a(f) = -5*f**3 + 0*f + 0*f + t. Determine a(q).
6
Let t(o) = 6*o**2 - 15*o**2 + 10*o**2 - 5*o + 3 + o. Give t(2).
-1
Let p(t) = 2*t**2 + 3*t. Let n(o) = -o**3 + 4*o**2 - 3*o + 2. Let g be n(3). Let a = g - -6. Suppose 0 = 3*u - a*u - 15. What is p(u)?
9
Let q(m) = 2*m - 3. Let h = -16 - -13. Let i(x) = 8 - 2*x + 0*x - 4*x. Let r(c) = h*i(c) - 8*q(c). Determine r(-4).
-8
Let s be 0*((-66)/(-12) - 5). Let j(a) = -a**3 + a**2 + 4. Calculate j(s).
4
Suppose -4*a = -50 - 38. Let d(s) = 2*s + 22 - a. Determine d(6).
12
Suppose -4*l - 19 = -c - 2*c, c - 13 = 3*l. Let q = 4 + c. Let p(a) be the first derivative of -a**2/2 + 4*a + 9. Determine p(q).
-1
Let k(c) = -3*c - 4*c - 8*c + 9*c. What is k(-1)?
6
Let j(r) = r**3 + 5*r**2 + 5*r + 5. Let x = -6 - -6. Suppose -5*q - 33 + 13 = x. What is j(q)?
1
Suppose 4*a - 2*g + 0*g - 14 = 0, a - 4*g = 14. Let v(f) = -a*f + f + 3*f + 1. Give v(2).
5
Suppose 3*t + 24 = x - 0*t, 3*x + t = 52. Let a be 166/x - (-8)/(-36). Let u = a - 13. Let q(s) = -s**2 - 2*s + 4. Calculate q(u).
-4
Let x(z) = -z**2 - 6*z - 2. Let a(s) = s**2 - 4*s + 1. Let g be a(4). Let l be (g + 1)/((-8)/(-36)). Suppose n - 5*r = -20, -l - 4 = 2*n - r. Give x(n).
3
Let g(i) be the third derivative of -i**6/180 + i**5/60 + i**4/12 + 4*i**3/3 - 3*i**2. Let x(n) be the first derivative of g(n). Give x(-2).
-10
Let p(x) = 4*x + 6. Let u be p(-3). Let s(w) = -w**2 - 6*w + 6. Determine s(u).
6
Let f = 49 + -41. Let b(j) = -j**3 + 8*j**2 - 7. Determine b(f).
-7
Let d(b) = -b - 1. Let v be d(-1). Let a(p) = 0*p + 9 - p + v*p. Determine a(5).
4
Let w(a) be the third derivative of -a**5/60 - a**4/6 - a**3/6 + 3*a**2. Suppose 4*t - 2*t = -10. Calculate w(t).
-6
Let y be (4/7)/(40/140). Let g(b) be the second derivative of -1/2*b**4 + 4/3*b**3 - 4*b + 1/20*b**5 + 0 - 7/2*b**y. Determine g(5).
8
Let x(q) = q. Let h(j) = j**3 + 4*j**2 + 2*j - 2. Let g(y) = -h(y) + 3*x(y). Give g(-3).
-10
Let q(s) = -3*s**3 + 4*s**2 - 2. Let k be q(-1). Let j(u) = -u + 7. Calculate j(k).
2
Let g(o) = 4*o + 9. Let a(f) = 5*f + 54. Let v be a(-12). What is g(v)?
-15
Let q(f) be the first derivative of f**3/3 - 2*f**2 + 3*f + 34. Give q(3).
0
Let t = -40 - -36. Let v(b) = -b - 5. Determine v(t).
-1
Let k(c) be the second derivative of 2*c**5/15 - c**3/6 - c**2 - 3*c. Let l(s) be the first derivative of k(s). Determine l(-1).
7
Suppose 0 = 2*d - 9 + 1. Let r(f) = -5*f + d + 2*f + 3 + 4*f + f**2. Calculate r(0).
7
Let h = 27 - 18. Suppose 4*m - 3 - h = 0. Let v(w) = -w**3 + 6*w**2 - 4*w + 2. Give v(m).
17
Let n(p) be the third derivative of 0 - p**2 - 1/3*p**3 + 0*p - 1/24*p**4. Let o = 6 + -8. Determine n(o).
0
Let q(p) be the first derivative of -p**4/4 + 2*p**3/3 + 3*p**2/2 - 2*p - 3. Suppose -6 = 12*z - 14*z. Determine q(z).
-2
Let k(b) be the second derivative of b**7/420 + b**6/120 + b**5/120 - b**3/2 - b. Let l(v) be the second derivative of k(v). Calculate l(-2).
-6
Let o(d) = -d**3 + 9*d**2 - 9*d + 7. Suppose -14*s + 59 = -53. What is o(s)?
-1
Let n = 11 + -16. Let x(a) = 6*a + 14. Let d(g) = 3*g + 7. Let l(c) = 11*d(c) - 6*x(c). Determine l(n).
8
Let m(f) = -f - 5. Let i(t) = 2*t + 12. Let j(g) = 5*i(g) + 12*m(g). Calculate j(1).
-2